 = -4*n + 20, 2*j + 25 = b*n + 5*j. Let p(g) = -g**2 + 3*g + 1. What is p(n)?
-9
Suppose -2 = -3*z - 14. Let h(u) = u**3 + 5*u**2 + 5*u - 1. What is h(z)?
-5
Let h = 14 - 7. Let l(g) = g - 2. Determine l(h).
5
Let q(h) = -h**2 + 15*h - 8. Let c(d) = -d**2 + 14*d - 8. Let p(l) = -7*c(l) + 6*q(l). Give p(7).
1
Let m(j) = -7*j**3 - 3*j**2 - 4*j + 3. Let q(t) = -6*t**3 - 2*t**2 - 3*t + 2. Let a(g) = 3*m(g) - 4*q(g). Calculate a(1).
3
Let o(w) = 5*w. Let u = -3 - -6. Let j(l) = -l**3 + 3*l**2 - 4. Let d be j(u). Let g be 6/(d - -2) + 2. Determine o(g).
-5
Let p(s) be the third derivative of -s**4/8 - 19*s**2. What is p(2)?
-6
Suppose 3*z - 1 = 11. Let v = z + -8. Let u(t) = -4 - 8*t + 3*t + 2*t. Calculate u(v).
8
Let r(k) be the first derivative of -2*k**2 + 2*k + 83. Let a(q) = q**2 - 1. Let l be a(-2). Give r(l).
-10
Let y(r) = 13*r - 2. Let w(m) = 20*m - 3. Let f(a) = -5*w(a) + 8*y(a). Determine f(2).
7
Let a = 3 + -8. Let l(b) = -5*b**3 - b**2 + 2*b - 2. Let f(v) = -4*v**3 - 2*v**2 + v - 2. Let p(n) = 4*f(n) - 3*l(n). Determine p(a).
8
Let m(f) = f + 5. Let u be m(-4). Suppose t + u + 0 = 0. Let q(g) = g + 1. What is q(t)?
0
Let s(k) = 2*k - 1. Let j(b) = -b**2 + b - 5. Let o be j(0). Let f be 6 - 3 - 6 - o. Suppose 4*p = -3*v - 1 + 11, 0 = -f*p - 4*v. Calculate s(p).
7
Let v(d) = 2*d - 1. Let m(y) = -2*y + 1. Let h(g) = 4*m(g) + 3*v(g). Suppose 5*q = 8*q + 6. Calculate h(q).
5
Let z(u) = -2*u**2 - 4*u - 3. Let s(t) = -t**2 - t - 2. Let l be s(-1). What is z(l)?
-3
Let b(z) = z**3 - 6*z**2 + 3. Let k be b(6). Suppose -4*c - c = -4*t + 5, -5*t = -3*c - k. Let w = c + -2. Let n(u) = u**3 + 4*u**2 + 2*u + 1. Calculate n(w).
4
Let y(x) = -3*x**3 + 7*x**2 - 6*x - 7. Let f(p) = -5*p**3 + 13*p**2 - 11*p - 13. Let h(b) = -4*f(b) + 7*y(b). Give h(-3).
-3
Let n = 113 - 2259/20. Let w(u) be the third derivative of -1/24*u**4 - 1/120*u**6 + n*u**5 + 0*u**3 + 0 + 0*u - 2*u**2. Give w(2).
2
Let h = -3 - -6. Let s(t) be the third derivative of 0*t + 4*t**2 - 4/3*t**h + 0 - 1/12*t**4. What is s(-6)?
4
Let b(w) = -4*w**2 - w + 8. Let t = -1 - -3. Let u(f) = -9 + 2*f - t - 4 + 7*f**2. Let c(q) = -5*b(q) - 3*u(q). Give c(0).
5
Let t(v) = -v + 1. Let l(c) = 5*c**2 + 11*c - 1. Let y(m) = 2*m**2 + 5*m. Let q(z) = 3*l(z) - 7*y(z). Let i be q(5). Let o be -5*(1 + i/(-10)). Calculate t(o).
0
Let o be ((-8)/6)/(2/(-3)). Let s(y) = -y**o - 9 + 5*y + y + 2. Suppose 2*f - 4*v + 0*v = 2, -2*v = 4*f - 24. What is s(f)?
-2
Let k(d) be the first derivative of d**4/2 + 4*d**3/3 + 3*d**2/2 + 2*d - 1. Suppose 0 = 5*w - 3*w + 4*i - 16, 5*w = 2*i - 20. Calculate k(w).
-4
Let s(b) = -4*b - 1. Let z(m) = -5*m - 1. Let l(x) = 3*s(x) - 4*z(x). Determine l(-1).
-7
Let h(j) = -j - 3. Let i be h(-5). Let g = i + -6. Let b(x) = x**3 + 3*x**2 - 3*x - 6. What is b(g)?
-10
Let g(y) = 2 + 2*y + 4 - 7*y. Let s(c) = -31*c - 34*c + 66*c. Let t(k) = -g(k) - 3*s(k). Give t(5).
4
Suppose 2*d - 4 + 0 = 0. Let h(v) = -d*v + 4 + v - 2. Suppose 4*s = -b + 11, -5*b - 14 = 2*s + 3. Determine h(s).
-2
Let a(n) = n - 3 + 3. Let v(c) = c**2 - 5*c + 2. Let x be v(4). Let y be a(x). Let t(j) = 2*j**3 + 2*j**2 - j - 1. What is t(y)?
-7
Let l be (0 - (0 - -11))/(-1). Let q = l - 8. Suppose w + q*w = 20. Let s(n) = n**2 - 6*n - 4. What is s(w)?
-9
Let c(v) = v**2 + 1. Let y(t) = -3*t**2 + t - 3. Let w(r) = 4*c(r) + y(r). Calculate w(-1).
1
Let b(s) = s + 11. Suppose 4*v = -v + 10. Let j be 0 + 1 - -1 - v. What is b(j)?
11
Let w(v) be the third derivative of v**8/20160 - v**7/1008 + v**6/144 - v**5/30 + 5*v**2. Let j(u) be the third derivative of w(u). Give j(4).
1
Suppose -8*n + 3*n + 10 = 0. Suppose -8 = 2*g + n. Let l(k) be the first derivative of k**3/3 + 3*k**2 + 4*k + 1. Give l(g).
-1
Suppose -6 = i - 0*i. Let k = i + 3. Let v = -3 - k. Let l(b) = b**2 + 9. What is l(v)?
9
Let q(t) = -t + 2. Let z be 4 + 28/(-8)*2. Calculate q(z).
5
Suppose -11 = -3*t - 4*c - 37, 4*c + 18 = t. Let v(g) = -3*g**2 - 2*g - 1. What is v(t)?
-9
Let w(r) = -13*r - 1. Let v be (3/2)/((-12)/(-16)). Suppose 2*h = 2, 3*o + 4*h + 1 = v*h. Determine w(o).
12
Let u(d) = 4*d**3 - 2*d**2 + 3*d + 4. Let y(b) = -3*b**2 + 4*b + 2*b + 0 + 8 + 9*b**3 + 0*b**2. Let q(p) = -7*u(p) + 3*y(p). Calculate q(3).
5
Let q(i) = -i - 6. Let s be (6/(-5))/(12/30). What is q(s)?
-3
Let a(z) = -3*z + 12 + 7*z - z**2 - 9 - z**3 - 2*z**2. Suppose -4*b + b - 12 = 0. Determine a(b).
3
Let p(g) = -5*g**3 + g**2 + g. Let i be p(-1). Let a(m) = -m**3 + 3*m**2 + m + 2. Let c be a(3). Let q(v) = 4 + c - 2 - 3*v. Determine q(i).
-8
Suppose -q = -12 + 2. Suppose 2*z + 0 + q = 0. Let n(u) be the second derivative of u**5/20 + u**4/2 + 5*u**3/6 - u**2/2 + u. Calculate n(z).
-1
Let p(a) = 4*a**2 - a - 1. Let m(o) = -3*o**2 - 3*o + 4. Let n be m(-2). Determine p(n).
17
Let p(r) = 3*r**3 + 8*r**2 - 5*r + 19. Let y(a) = a**3 + 3*a**2 - 2*a + 6. Let h(m) = 2*p(m) - 7*y(m). What is h(-6)?
8
Let i = 252 + -6047/24. Let g(y) be the third derivative of 0*y - 1/6*y**3 + 0 + y**2 - i*y**4. Calculate g(-2).
1
Let x(g) be the second derivative of g**4/12 + g**3 - g**2/2 + g. Let p be 6*(2 + (1 - 4)). Let o = p - 0. Determine x(o).
-1
Let b(i) = i - 3. Let t(p) = -4*p + 9. Let n(z) = -7*b(z) - 2*t(z). Calculate n(-6).
-3
Let j(m) be the third derivative of -m**4/12 - m**3/3 - 5*m**2. Let r(c) = c**2 - 5*c - 4. Let p be r(6). Let s be 4/((0 - p) + 1). Calculate j(s).
6
Let m(y) = 4*y - 7*y + 2*y - 9. Let b be m(-11). Let a(g) = 2*g - 3. Give a(b).
1
Let l = 1 - 1. Let x(s) = 5*s - 10 - 10*s + 4*s. Determine x(l).
-10
Let t(o) = o**3 + 6*o**2 - 8*o - 4. Let m be t(-7). Let h(u) = 3*u - 2 - 5*u + m*u. Let w = 1 - 5. Give h(w).
-6
Let q = -20 - -14. Let y(t) = -5*t**3 + 11*t**2 + 7*t - 11. Let r(c) = -11*c**3 + 23*c**2 + 15*c - 23. Let h(u) = q*r(u) + 13*y(u). Calculate h(-4).
7
Suppose -3*g + 26 = -r + g, 4*g - 8 = -2*r. Let l(y) = 4*y - 5. Let p(z) = -z. Let q(a) = r*p(a) - l(a). Calculate q(-4).
-3
Let s(a) = -a**3 + 3*a**2 + 4*a - 3. Let d(r) = -r**3 - 7*r**2 + 19*r + 12. Let z be d(-9). Determine s(z).
9
Let w(d) = -9*d**2 + 10*d**2 - 5*d**2. What is w(-2)?
-16
Suppose -3*d - 3*g = -2*d + 12, 4*g + 16 = -3*d. Suppose d*z - 10 = -f + 2*z, -z - 23 = -5*f. Let o(k) = 2*k**2 + 4 - 8 - 3*k**2 - f*k. Determine o(-3).
-1
Let u(k) = 4*k + 7. Let t be u(-5). Let b = -10 - t. Let g(w) = w**2 + 0*w**b - 5*w**3 - 2*w**3 + 5*w**3 - w. Calculate g(1).
-2
Let w(y) = -2*y**3 + y**2 + y. Let z be (-3)/18 + 26/12. Give w(z).
-10
Let k(p) = -92*p + 46*p + 45*p - 8. What is k(-4)?
-4
Let g(n) = -4 + 25*n - 11*n + 6*n**2 + n**3 - 11*n. Give g(-5).
6
Let b(t) = t - 2. Let n be b(5). Suppose 0 = -4*k + 20, -3*s - 5*k = -15 - 13. Suppose o + 5 = n*w, 2*w - 4*o = -o + s. Let v(y) = y**3 - 2*y**2 - 1. Give v(w).
-1
Suppose -4 + 0 = -2*c. Let g(w) = -4 + 2*w + c*w - 3*w. Let p be g(4). Let s(a) = -a**3 + a**2 - a + 1. Give s(p).
1
Suppose -15 = -5*g - 0*k - 5*k, -2*g = -4*k - 12. Let q(x) = 0*x + x + g - 2. Let p = 4 - 6. Determine q(p).
0
Let p(n) = n**3 - n**2 - 4*n + 3. Suppose 3*g + i = 3*i - 2, g + 12 = -5*i. Let a(z) = -2*z - 2. Let y be a(g). Let x be 14/6 - y/6. What is p(x)?
-1
Let d(g) be the first derivative of -g**3/3 - g**2/2 + 8. Calculate d(3).
-12
Let l(a) = -9*a**2 - a. Suppose 3*p - 2 = p. What is l(p)?
-10
Suppose -15 = 9*u - 4*u. Let j(n) = -n**3 - 3*n**2 - 3*n - 3. Calculate j(u).
6
Let l(h) be the first derivative of -h**3/3 + h**2 + 3*h + 10. Give l(3).
0
Let o = 0 + 2. Let t(n) be the third derivative of n**6/120 - n**4/12 + n**3/3 - 2*n**2. What is t(o)?
6
Let r(x) be the third derivative of -4*x**2 + 0*x + 0*x**3 - 1/4*x**4 + 0. Let f(u) = -u**3 - 7*u**2 + 1. Let w be f(-7). Calculate r(w).
-6
Suppose -2 = -5*i + 2*k - 43, 0 = -5*i - k - 32. Let h(z) = -2*z - 8. Give h(i).
6
Let z(r) be the first derivative of r**2 + 0*r - 1/12*r**4 + 2 - 1/2*r**3. Let c(v) be the second derivative of z(v). Give c(-5).
7
Let f(z) = z**3 + 2*z**2 + 2*z - 2. Let o be f(-3). Let r = o + 15. Let m(s) = -s**2 + 2*s - 1. Calculate m(r).
-9
Let g(l) be the first derivative of 1/2*l**2 + 4*l + 7. Give g(-2).
2
Let v = -20 + 19. Let o(h) = 8*h - 1. What is o(v)?
-9
Let u(i) be the second derivative of i**5/20 + i**4/4 + i**3/6 + 3*i. Calculate u(-3).
-3
Let n(z) = -z**2 + z - 1. Let g(y) = -y**2 + y - 1. L